ate the greatest common factor of 1216 and 48431.
19
Calculate the greatest common factor of 7636 and 172308.
332
Calculate the highest common factor of 776 and 790550.
194
Calculate the highest common divisor of 119 and 1926491.
119
Calculate the greatest common factor of 138438 and 18.
18
Calculate the highest common factor of 4 and 714484.
4
Calculate the greatest common factor of 1873655 and 35.
35
What is the highest common divisor of 3 and 31287?
3
Calculate the highest common divisor of 153 and 16830.
153
What is the highest common factor of 352 and 371536?
176
What is the greatest common divisor of 17466 and 6?
6
What is the highest common factor of 1984962 and 7?
7
What is the highest common divisor of 770143 and 53?
53
What is the highest common divisor of 183 and 322507?
61
Calculate the highest common factor of 269 and 12545353.
269
What is the highest common factor of 265923 and 11725?
469
What is the highest common divisor of 29 and 309923?
29
Calculate the highest common factor of 9 and 45457.
1
Calculate the greatest common factor of 56192 and 1152.
128
What is the highest common divisor of 3189942 and 194?
194
Calculate the highest common divisor of 10553 and 2768.
173
What is the highest common factor of 843962 and 161?
161
Calculate the greatest common factor of 2451 and 13803.
129
What is the greatest common divisor of 111445 and 310?
155
Calculate the highest common divisor of 244040 and 140.
20
Calculate the highest common factor of 15390 and 60.
30
What is the highest common factor of 126400 and 100?
100
Calculate the highest common divisor of 2688 and 609.
21
Calculate the greatest common divisor of 66155 and 33405.
655
Calculate the greatest common factor of 290 and 296032.
58
What is the greatest common factor of 206 and 9167?
103
Calculate the greatest common divisor of 5286 and 156.
6
What is the highest common factor of 101 and 445006?
101
Calculate the highest common divisor of 40998 and 6.
6
What is the greatest common divisor of 19239 and 54?
3
Calculate the highest common factor of 6944 and 2515712.
992
What is the highest common divisor of 140 and 100780?
20
Calculate the greatest common divisor of 48798 and 63.
9
What is the highest common factor of 1425 and 3525?
75
What is the greatest common divisor of 114 and 7125?
57
What is the greatest common factor of 15 and 3515745?
15
What is the greatest common factor of 3 and 80763?
3
Calculate the greatest common factor of 14 and 268842.
14
What is the greatest common factor of 253294 and 178?
178
What is the greatest common factor of 9650536 and 56?
56
What is the highest common factor of 255 and 5483435?
85
Calculate the greatest common factor of 24264 and 240.
24
What is the highest common divisor of 351020 and 80?
20
Calculate the highest common divisor of 737113 and 13.
13
What is the highest common divisor of 114 and 39708?
6
What is the highest common divisor of 1413 and 715606?
157
What is the highest common factor of 589 and 21508?
19
Calculate the highest common factor of 120 and 53940.
60
Calculate the highest common factor of 897 and 4992.
39
What is the highest common divisor of 328666 and 26?
26
Calculate the highest common factor of 30 and 175701.
3
What is the highest common divisor of 25479 and 6109?
149
What is the greatest common factor of 29 and 3580253?
29
Calculate the highest common divisor of 600 and 6840.
120
Calculate the greatest common divisor of 10376 and 56.
8
Calculate the highest common divisor of 19380 and 20604.
204
What is the highest common divisor of 111 and 695489?
37
What is the highest common divisor of 23 and 189037?
23
What is the greatest common divisor of 20 and 1473920?
20
Calculate the highest common divisor of 832 and 3991.
13
Calculate the greatest common factor of 520 and 1076140.
260
What is the greatest common divisor of 34780 and 40?
20
Calculate the greatest common factor of 28 and 82292.
28
What is the highest common factor of 151 and 65383?
151
What is the greatest common divisor of 630 and 2539110?
210
What is the highest common divisor of 190 and 482372?
38
What is the greatest common factor of 152 and 14174?
38
Calculate the highest common divisor of 572418 and 1652.
826
What is the highest common divisor of 3730 and 520?
10
What is the highest common divisor of 25227 and 288?
9
Calculate the highest common factor of 81 and 425988.
9
Calculate the greatest common divisor of 55 and 232045.
55
What is the highest common factor of 46792 and 24?
8
What is the greatest common factor of 20124 and 6084?
468
What is the highest common factor of 399 and 670776?
57
What is the highest common divisor of 48528 and 168?
24
Calculate the highest common factor of 197892 and 644.
92
What is the highest common factor of 4915 and 45?
5
Calculate the greatest common divisor of 8295 and 420.
105
Calculate the highest common factor of 151126 and 12464.
1558
Calculate the highest common factor of 1820 and 284060.
140
What is the greatest common factor of 96477 and 54?
3
Calculate the highest common factor of 252 and 424284.
84
What is the highest common divisor of 11949 and 91?
7
What is the greatest common factor of 13314 and 287519?
317
Calculate the greatest common factor of 87768 and 6552.
72
What is the highest common factor of 22 and 183821?
11
What is the greatest common factor of 2858920 and 40?
40
What is the highest common factor of 703 and 348536?
19
Calculate the greatest common divisor of 3026 and 4573.
17
Calculate the greatest common divisor of 1308 and 1107004.
436
Calculate the greatest common divisor of 27927 and 36018.
261
Calculate the highest common divisor of 17197 and 18383.
593
Calculate the greatest common divisor of 1900939 and 151.
151
Calculate the greatest common divisor of 1594239 and 177.
177
What is the highest common factor of 229018 and 86?
86
Calculate the greatest common divisor of 1708 and 102375.
7
Calculate the highest common divisor of 3770 and 320.
10
What is the greatest common divisor of 12 and 1148820?
12
Calculate the highest common factor of 77 and 1584.
11
What is the highest common divisor of 7995 and 8405?
205
Calculate the highest common factor of 363066 and 66.
66
What is the highest common factor of 92 and 30314?
46
What is the greatest common factor of 3480 and 2755?
145
Calculate the greatest common divisor of 740272 and 208.
208
Calculate the highest common factor of 2750 and 1250.
250
Calculate the greatest common factor of 465 and 1187889.
93
Calculate the greatest common divisor of 475813 and 26.
13
Calculate the greatest common factor of 313017 and 5.
1
Calculate the highest common factor of 2490 and 645.
15
Calculate the greatest common divisor of 34 and 278528.
34
Calculate the highest common factor of 132 and 3768.
12
Calculate the greatest common divisor of 2750 and 198.
22
What is the greatest common divisor of 3388 and 448?
28
What is the greatest common divisor of 4270399 and 49?
49
Calculate the highest common divisor of 18464 and 47891.
577
Calculate the greatest common divisor of 6 and 55626.
6
Calculate the highest common factor of 136 and 7608.
8
Calculate the highest common divisor of 103 and 165727.
103
What is the greatest common factor of 15703 and 205?
41
What is the greatest common factor of 46 and 1624582?
46
Calculate the highest common divisor of 82266 and 6.
6
Calculate the highest common divisor of 219670 and 880.
110
Calculate the highest common divisor of 5610 and 1785.
255
What is the greatest common divisor of 546 and 184282?
14
What is the greatest common factor of 404628 and 60?
12
What is the highest common divisor of 191818 and 22?
22
What is the greatest common factor of 284 and 70645?
71
Calculate the highest common divisor of 559206 and 1128.
282
Calculate the highest common divisor of 612 and 45.
9
What is the greatest common divisor of 1682 and 16323810?
1682
Calculate the highest common divisor of 2486145 and 1284.
321
What is the highest common divisor of 1754532 and 276?
276
What is the highest common factor of 422301 and 11792?
737
What is the highest common divisor of 402 and 356373?
201
Calculate the highest common divisor of 133009 and 23.
23
What is the greatest common divisor of 969 and 5457?
51
What is the highest commo